e
Let r = 39783 + -18910. Is r prime?
True
Let i(r) = 77*r**2 + 18*r - 44. Is i(3) composite?
True
Let v = -507 - 28. Let t = -2368 + 1384. Let x = v - t. Is x composite?
False
Suppose x = 4*q - 11527, 47*x = 42*x - 15. Is q a prime number?
False
Let i be (-50)/(-15)*(-12)/(-5). Suppose -2*c = -0*c + 118. Let v = i - c. Is v a composite number?
False
Let v be (-3)/(1 - -2) - (1 + 2). Is 1361*(5 - (v + (-8)/(-1))) composite?
False
Suppose 38870 = 3*g - z, 25920 = -15*g + 17*g - 2*z. Is g a composite number?
True
Let p(r) = 42*r - 5. Let i(y) be the third derivative of y**5/60 - y**4/12 + y**3/6 - 4*y**2. Let o be i(3). Is p(o) prime?
True
Suppose 0 = -5*q + 35 - 5. Let s be (-4)/q*(-9 + 3). Suppose 3*o + s*l = -35 + 292, -o + l + 74 = 0. Is o a composite number?
False
Let x = 121173 - 75826. Is x a composite number?
True
Let n = 50 - 305. Let i be (-89)/(-7*6/(-84)). Let s = i - n. Is s a prime number?
False
Let w be (-3514)/(-26) + (-10)/65. Is 1/(15/2) - (-261477)/w a prime number?
False
Let p(s) = -7 - 7*s + 6 - 7 - 1 + 18*s**2. Is p(-4) a composite number?
False
Let h = -2664 - -1586. Let m be 519/((2/6)/(-1)). Let o = h - m. Is o prime?
True
Let t(n) = 18*n + 1. Let m = -6 + 5. Let x be t(m). Let u = 24 + x. Is u a prime number?
True
Let k(c) = 82*c**3 + 7*c**2 - 35*c + 9. Is k(5) composite?
False
Suppose -6 = -x - 1. Suppose -4 = x*i - 14. Suppose 0 = i*r - 0*r + 2, -5*f + 1854 = r. Is f a prime number?
False
Let p be (-4)/(16/(-4)) - -1 - 399. Let q = p - -1106. Is q a composite number?
False
Suppose -m - 47132 = -5*m. Is m a composite number?
False
Let j = 4704 - -4723. Is j prime?
False
Suppose 0 = -6*m - 0*m + 3834. Let h = 2588 + m. Is h prime?
False
Suppose 9707 = -6*j + 8*j + 3*a, 0 = -j - 4*a + 4841. Is j a composite number?
False
Let d(b) = 3*b**2 - 4*b - 3. Let n be d(-1). Let q = n + 447. Is q composite?
True
Let z be ((-132)/(-9))/(4/6). Suppose -2 + z = 5*a. Let u = 83 - a. Is u a prime number?
True
Let a be -3*1 + (-3)/(15/(-35)). Suppose 5*c = a*o - 4104, 0 = 3*o + c - 3*c - 3085. Is o composite?
False
Suppose -9*x = -11 - 25. Let a(k) = 63*k**2 + 2*k - 7. Let d(c) = c**2 - c + 1. Let p(t) = a(t) + 4*d(t). Is p(x) composite?
False
Let i be 1/(-2) + 617275/(-10). Let w be i/42 - 2/7. Let b = -979 - w. Is b prime?
True
Let b = 0 + 4. Let p be 0*(-1)/b*-2. Suppose -4*v + 223 + 85 = p. Is v a composite number?
True
Let b(m) = -32*m - 21. Let h = -26 - -11. Let p be b(h). Suppose 0*q = 5*q - 20, -5*d + 4*q = -p. Is d composite?
True
Let d(l) = 3*l**3 + 3 + 0*l**3 + 0*l**3 + 8*l - 2*l**3 + 9*l**2. Let x be d(-8). Suppose -p = -4*n - 115, -x*n = -2 - 1. Is p prime?
False
Let c(a) = -1183*a + 17. Is c(-3) a prime number?
False
Let j(v) = 20*v**2 - v - 1. Let t(b) = -b + 2. Let g be t(4). Let k be j(g). Let p = 6 + k. Is p prime?
False
Let r = -9 + 11. Suppose -g = -2*v + r*g + 2789, -4*g = -5*v + 6983. Is v composite?
False
Suppose 5*n = 3*y - 11, y - n + 2 = -5*n. Is ((0 + -1)/y)/(14/(-94388)) prime?
True
Let i be 6 + -8 - (-16 - 0). Suppose -9*c - 1465 = -i*c. Is c a prime number?
True
Let m = -20 + 23. Suppose -m*y = 1530 - 14115. Is y a prime number?
False
Suppose -y + 2*q + 4315 = -0*y, 21519 = 5*y + 4*q. Is y composite?
True
Let v = 328 + -217. Is v a prime number?
False
Let p(z) be the first derivative of -z**4/4 + z**3/3 - 4*z**2 - 3*z - 5. Let c be p(-7). Suppose -6*n + n + c = 0. Is n composite?
False
Suppose 19 = t + 20, -5*t = 5*k - 5130. Is k prime?
False
Let h(f) = -f**2 + 10*f + 13. Let l = -20 + 31. Let b be h(l). Suppose -b*m + 614 = -0*m. Is m a prime number?
True
Let r(x) be the first derivative of x**6/120 - x**5/10 + x**4/3 - x**3/3 - 3*x**2/2 - 10. Let n(u) be the second derivative of r(u). Is n(7) prime?
True
Suppose 0 = 2*t - 56 + 20. Suppose -11*w - 1421 = -t*w. Is w prime?
False
Let y(g) = -2*g + 6. Let s be y(4). Is (230/(-3))/(s/3) prime?
False
Suppose -4*q = -5 + 17. Let t be 748/(-3) + q/(-9). Let f = t - -382. Is f composite?
True
Let h = -34 - -62. Let l = -19 + h. Let n(t) = 2*t - 7. Is n(l) a prime number?
True
Suppose 0 = -5*i - 2*q + 7, -2*i - 4*q = -5*q - 10. Suppose -i*j - 21 = -a + 36, 0 = -5*a - j + 365. Let u = a + -35. Is u a composite number?
False
Suppose 5*d - d = 16. Suppose d*t - 722 + 214 = 0. Is t prime?
True
Suppose -w + u = -u - 2865, -8590 = -3*w + u. Is w prime?
False
Suppose -16*n + 109346 = -92622. Is n prime?
False
Let j = -10691 + 15312. Is j composite?
False
Let u(g) = -9*g**3 - 2*g**2 + 2*g - 4. Let n = -3 + -1. Let d be u(n). Let b = d - 345. Is b a prime number?
False
Let q be 1592/((-8)/2)*(-6)/4. Is -3 + 5 + q/(-1)*-1 prime?
True
Let r(b) = 413*b**2 - 5*b - 9. Is r(-4) composite?
False
Is (-102)/408 - 183269/(-4) a prime number?
True
Suppose -5*g = -2*q + 6916, -22*g + 13856 = 4*q - 20*g. Is q prime?
True
Is ((-58983)/(24/8))/(-1) a prime number?
True
Let d be (-84)/(-2)*-4*10/(-15). Suppose -3*b = 4*j - 311, -4*j - 4*b = -428 + d. Is j prime?
False
Let s = 126 + -65. Suppose -112 = -2*v + 4*y, -v + 0*y = -y - s. Suppose 169 = 5*u - v. Is u a prime number?
True
Suppose -4*w - 14 = -2*o - 2*w, 0 = 2*w - 10. Suppose 0 = 4*z - 4. Suppose k - o = -z. Is k composite?
False
Suppose -s + 0*s = -13. Suppose 84*h = 83*h. Suppose h = 8*f - s*f + 310. Is f composite?
True
Let i(p) = p**2 + 2*p - 3. Let t be i(3). Let n be (t - (-2)/(-2)) + 0. Let a = n + 23. Is a a prime number?
False
Let o be 2 - (-7)/(21/6). Let r = -70 + 342. Suppose -o*a = -x - 3*x - r, 4*a + 2*x = 254. Is a a composite number?
True
Let p be -4 + (-4 - (-2 - 1)). Let u be (-3 - p) + -2 - 3. Let y(o) = -3*o**3 - o**2 + 2*o + 1. Is y(u) a composite number?
False
Suppose -d - 4*d = -4*j, 36 = 4*d + 4*j. Let m(i) be the second derivative of i**4/4 + 5*i**3/6 - 3*i**2/2 - i. Is m(d) a composite number?
True
Let j = -803 + 567. Is 1 - j*(1 + (-3)/6) a composite number?
True
Let g be 10/20 + 62/(-4). Let d = g + 21. Suppose -49 = -5*c + d. Is c prime?
True
Let j = -7 - -7. Suppose j = q - 3*i + 4*i - 49, -3*q + 129 = -3*i. Is q composite?
True
Let x = -701 + 1099. Is x composite?
True
Is ((-32349)/18)/(42/(-252)) a prime number?
False
Let n(y) = 203*y**3 + 8*y**2 + y - 6. Let b be n(13). Is (-2)/18 - b/(-207) a prime number?
True
Suppose 0 = 5*h + 21 - 1, 2*h + 11076 = 4*c. Is c a composite number?
False
Suppose 0*t = 2*t + j - 5008, -10028 = -4*t + 4*j. Suppose -5*r + 3*a = 8*a - t, -4*a + 1012 = 2*r. Suppose -2*h + w = -250, -2*h - 2*h + r = -3*w. Is h prime?
True
Let t(x) = 21*x**2 + 8*x - 10. Let d be t(7). Let p be (1*2)/((-10)/d). Is (1 + -4)/3*p composite?
True
Let o(v) = -3*v - 25. Let s(y) = 9*y + 2. Let c(n) = -5*n - 1. Let w(u) = 11*c(u) + 6*s(u). Let q(z) = -o(z) + 2*w(z). Is q(-13) composite?
True
Suppose 13311 - 100908 = -9*c. Is c a composite number?
False
Is ((-29994)/4)/(-1) + (-62)/(-124) composite?
False
Let z be 15*31*(-1)/(-3). Suppose -2*w = -w - z. Suppose -4*y - 5*f = -w, -2*y + 2*f - 48 = -112. Is y a prime number?
False
Let b(j) = -52*j**2 + 19*j - 20. Let x be b(7). Is x/4*2*(-160)/200 a composite number?
True
Let h be (-4)/(-6)*(7 + -10). Is (-14660)/8*h/1 composite?
True
Suppose -u - 2*w - 2*w + 337 = 0, 0 = 4*u + 5*w - 1403. Let f = u - -494. Is f composite?
True
Suppose -4*a + a = 18. Let k(f) = -4*f**2 - 17*f - 2. Let y(q) = 7*q**2 + 36*q + 5. Let l(w) = -7*k(w) - 3*y(w). Is l(a) prime?
False
Suppose l - 2*u - 889 = -0*l, 5*l + 4*u - 4375 = 0. Let f = 1844 - l. Is f prime?
False
Let a(x) = 5*x**2 + 4*x - 7. Is a(-10) a prime number?
False
Suppose 13*i = 17*i + 8. Is (-4)/i - (3 - 54) prime?
True
Suppose -69158 = -4*j - b + 6*b, 0 = 3*j + 2*b - 51857. Is j a prime number?
False
Let y be (-18)/(-8) - (-2)/(-8). Suppose -y*t = 3*t. Suppose x + 3 - 24 = t. Is x prime?
False
Let c(b) = 95*b**2 + 22*b - 4. Is c(-9) a prime number?
False
Let h be (48/15)/((-1)/(-5)). Let c be 3*682 - h/8. Suppose -4*r - z = -c, -3*r - 5*z + 1825 = 292. Is r prime?
False
Let w(d) = 2*d - 16. Let i be w(8). Suppose i = -2*n - 4*n + 1770. Is ((-12)/30)/((-1)/n) a prime number?
False
Suppose -5*s + 9 = -3*m, m - 5*s = 2*m + 3. Is 6 + 147 + m + -1 a prime number?
True
Suppose -689823 = -25*u - 205498. Is u prime?
True
Let t(v) = 2*v - 1. Let j be t(3). Suppose 4*p = 2*y - 0*y - 8, 6 = -3*p + j*y. Is p*22/(-8)